**2 - 31*x - 1070. What is the hundreds digit of r(-19)?
7
Suppose -17*m - 3*m = -40. What is the hundreds digit of m/8 - (-183441)/188?
9
Suppose 3*a - 37154 = 5*r, -2*a + 20034 + 4747 = -r. What is the hundreds digit of a?
3
What is the hundreds digit of 377/(-116) + 262906/8?
8
Let k = 526 - -4277. What is the thousands digit of k?
4
Let a be 412/7 + (-3)/(-3 - 18). Suppose -58*t = -a*t + 1468. What is the thousands digit of t?
1
Let g(c) be the first derivative of c**4/6 + c**3/2 + 3*c**2/2 + 4*c - 19. Let k(w) be the first derivative of g(w). What is the units digit of k(6)?
3
Let g(h) = 6*h**2 - 119*h + 1484. What is the units digit of g(11)?
1
Suppose 0 = -4*x - 8, 75*d - 150678 = 72*d + 3*x. What is the thousands digit of d?
0
Suppose 261*x = 262*x + 4*b - 3637, 5 = -5*b. What is the tens digit of x?
4
Suppose n - 4 = 6. Let z(t) = 2*t**3 - 14*t**2 + 19*t - 93. What is the hundreds digit of z(n)?
6
Suppose 20*s - 22 = 9*s. Suppose 1002 = 3*d + 3*u, -d + 515 = s*u + 179. What is the units digit of d?
2
What is the hundreds digit of (-13630)/(-188)*(-6928)/(-20)?
1
Let u(j) = -2*j - 4. Let r be u(13). Let z = -53 - r. What is the units digit of 3/(-2)*z*2?
9
Let s(y) = -y**3 + 6*y**2 + 27*y - 25. Let o be s(10). Let u = 261 + o. What is the hundreds digit of u?
1
Let a(m) be the first derivative of 6*m**2 - 19*m - 96. Let g be -21*(2/(-6))/1. What is the tens digit of a(g)?
6
What is the tens digit of (-1)/(-11) - (11821024/(-176) - -23)?
4
Suppose -28*q + 33*q = 355. Suppose q*x - 2376 = 53*x. What is the units digit of x?
2
What is the hundreds digit of (-8 + (144435/(-60) - -9))*(-4 - 0)?
6
Let u be (-240)/(-50) + 2/10. Let a(c) = c - 2. Let s be a(u). Suppose -s*g + 78 = -99. What is the units digit of g?
9
Suppose -5*n + 81200 = 5*n. What is the units digit of n/32 - (1 + 3/(-12))?
3
Let n = -100 + 39. Let d be (-1)/1*n - 2. Let i = d + 39. What is the units digit of i?
8
Let n(v) = v + 3. Let y(a) = 169*a + 36. Let h(q) = n(q) - y(q). What is the units digit of h(-5)?
7
Let l = 2625 + -2623. Suppose -i - 3*j = -32, -2*i - j + 119 = 30. Suppose 256 = 5*h - l*d, -h + 0*d - d = -i. What is the units digit of h?
0
Suppose -16*a + 13*a + 6 = 0. Suppose -8 - 18 = -2*j + 3*f, j - 12 = a*f. Suppose j = 2*u + 5*v, 5*v + 2 = 4*v. What is the units digit of u?
3
Let r(p) be the second derivative of 143*p**3/6 + 143*p**2/2 + 73*p - 1. What is the hundreds digit of r(2)?
4
Let c(t) = 2*t - 5 + 0 + 2 + 1. Let d be c(3). Suppose w - 3*w = -d*b + 302, 3*b - 5*w = 216. What is the tens digit of b?
7
Let u(w) = -12*w**2 + 33*w**2 + 4 + w**3 + 2*w - 18*w**2. Let t be u(-3). Let z = t - -35. What is the tens digit of z?
3
Let u(x) = x**2 + 2*x - 221. Suppose -7*b + 130 = -87. What is the tens digit of u(b)?
0
Let m be 9 + 1 - (-7 + 10). Suppose 0 = -m*x + 3374 - 1120. What is the tens digit of x?
2
Suppose 5*n + 4*i = -20, -7*i = 2*n - 5*i + 10. Suppose -28*r + 5362 + 6482 = n. What is the hundreds digit of r?
4
Let m = -852 - -1336. What is the tens digit of 5 + (m - (2 + 0))?
8
Let q(l) = 25*l**2 + 6*l + 28. Let b(w) = 2*w**3 - 9*w**2 - 7*w + 4. Let c be b(5). What is the units digit of q(c)?
2
Let i = 35 - 43. Let x = 35 - i. What is the tens digit of x?
4
Let r(w) = -2*w**3 + 9*w**2 + 4*w + 7. Let a be r(5). Suppose -4*o = -v - 1791, 5*v = 4*o - a*o - 873. What is the tens digit of o?
4
Let v(f) = 37*f + 74. Let p be v(-5). Let x = p + 312. What is the units digit of x?
1
Suppose 24*r + 120 = 19*r. Let q be 1/(-4) + (-7614)/r. Let c = -218 + q. What is the units digit of c?
9
Suppose -5*g = -5*h - 7 + 32, 4*g - 5*h + 15 = 0. Let w be 282/g + (2 - 28/10). Let s = 35 + w. What is the units digit of s?
6
Suppose 27*s = 86 + 346. What is the tens digit of 684 + -2 + -9 + s?
8
Suppose 5*q - 31860 = 23786 + 56284. What is the tens digit of q?
8
Suppose 5*y - 4*q - 115 = 13, y + 2*q - 20 = 0. Let h = 56 + y. Suppose 3*x = -x + h. What is the tens digit of x?
2
Suppose 2*r - 3708 = 2*g, 4*r - 2*g = -2382 + 9802. What is the hundreds digit of r?
8
Let x(h) = 2*h - 4. Let c be x(3). Suppose c*y + 1 = 21. What is the units digit of (2/y*12)/(21/280)?
2
Let g = -547 - -576. Suppose g*c - 1090 = 19*c. What is the hundreds digit of c?
1
Let l(w) = 210*w**2 + 7*w + 46. What is the thousands digit of l(5)?
5
Let q(m) = m + 18. Let x be q(-15). Suppose -14 = -x*v - 4*v. Suppose g + 192 = v*t - 3*g, -5*t - 3*g + 532 = 0. What is the units digit of t?
4
Let s(p) = 2*p**2 + 81*p - 1609. What is the hundreds digit of s(28)?
2
Suppose -23*m + 52894 = 2*x - 26*m, -3*x = -3*m - 79332. What is the hundreds digit of x?
4
Suppose -3*d = -5*g - 106 - 354, -4*d = 5*g + 425. Let a be g/(-2) + (-33)/22. Let j = a - 17. What is the tens digit of j?
2
Suppose -7*y + 4*y - 3574 = 5*m, -4*y + m - 4773 = 0. Let k = y + 2841. What is the tens digit of k?
4
Let y be (480/25)/3 + 2/(-5). Suppose m - 4 = 3*l, 0 = -l - 2*m + 2 + y. Suppose -46 = -3*f - j + 132, l = -5*f - j + 296. What is the units digit of f?
9
Let j be (32/(-80))/(2/(-10)). Let n = 51 + -52. What is the units digit of (15 - 0)/(1/(j + n))?
5
Let u be -148 - -3 - 2/(-2). Let s = -109 - -113. What is the tens digit of ((15/s)/5)/((-4)/u)?
2
Let u(y) = -6*y**2 - 3*y + 4. Let z be u(4). Let f be ((-1)/(-2))/((-5)/2590*1). Let q = z - f. What is the hundreds digit of q?
1
Let a(b) = 51*b**2 + 94*b - 12. What is the tens digit of a(-12)?
0
Let d(b) = 2*b**2 - 37*b - 30. Let j be d(20). What is the units digit of j/(-15) - (1 - (46 - 0))?
3
Suppose -12*d - 19 = 41. Let t(u) = -23*u + 133. What is the hundreds digit of t(d)?
2
Let b be 22/2 + -2 - (19 + -17). Suppose h = 5*i + 23, -4*h - 2*i = -b*i - 32. Suppose -h*z + 53 - 11 = 0. What is the tens digit of z?
1
Suppose 0*k - k = -651. Let z = k + -424. What is the units digit of z?
7
Let d(w) = w**2 - w - 20. Suppose -2*l + 5*z - 108 = 0, 0 = 4*l - 0*l + 3*z + 190. Let o = 60 + l. What is the units digit of d(o)?
0
Suppose 3*n - 10 = n. Let a be n + -5 + (136 - 2). Suppose 0 = -i + a - 46. What is the tens digit of i?
8
Suppose -4*m - 4*r + 12 = 0, 18 = -3*m + 5*r + 3. Suppose m = 7*j - 5*j - 586. Suppose 0 = -7*a + 64 + j. What is the tens digit of a?
5
What is the units digit of (-6 - (-4362)/(-4))*(-128)/24?
8
Let i(b) = 17*b**2 + 424*b - 3537. What is the units digit of i(8)?
3
Suppose y + 17 - 19 = 0. Suppose l = -0 + y. Suppose 2*o + 3*f = -o + 84, 4*o - 124 = l*f. What is the tens digit of o?
3
Let u be ((-29)/(-1))/(-1 - -2). Suppose -5*s = 4*k - 15 - u, 3*k = -3*s + 27. What is the units digit of ((-16)/(-14))/(s/28)?
4
Let m = -71 - -32. Let s = -50 - m. What is the units digit of 2/s + 65/55?
1
Suppose -v + y = 64 + 103, -4*v + 3*y = 670. Let z = v + 286. Let r = z + -83. What is the units digit of r?
4
Let a = 25408 + -17499. Suppose 29*b - a - 5779 = 0. What is the hundreds digit of b?
4
Suppose -3*d - 24 = -a + 6, 4*a = -3*d + 105. Suppose -23*c = -a*c + 3320. Suppose 14*y + c = 19*y. What is the units digit of y?
6
Suppose 4*r + 131 = 5*n, -2*n + 11*r = 8*r - 58. Suppose n*z - 11*z = 6804. What is the units digit of z?
7
Suppose 925*a - 924*a + 432 = 0. Let n = 157 - a. What is the units digit of n?
9
Suppose -2*b - 7*b = 0. Suppose b = -2*s + y + 224, 0*s + s + 4*y = 112. What is the hundreds digit of s?
1
Let z(y) = -7*y + 77. Suppose 24 = 4*a + 72. What is the units digit of z(a)?
1
Suppose -l - 1047 = -5*f, 3*l + 414 = 2*f + l. Let t(b) = -207 + 6*b**2 - 5*b**2 + f + b. What is the units digit of t(-3)?
9
Let o(c) = 13342*c + 128. What is the tens digit of o(3)?
5
Let t = -380 + 221. Let w = t - -292. Suppose -3*k - 5*m + w = 0, -3*m = k + k - 87. What is the tens digit of k?
3
Suppose z + 89043 = 11*z - 404567. What is the units digit of z?
1
Let f(j) = 3*j - 6. Let l be f(3). Suppose 2*u = 2*b - l*b + 704, -b = -u + 358. What is the hundreds digit of u?
3
Let m(t) = -26068*t**3 - 2*t**2 + 9*t + 11. What is the thousands digit of m(-1)?
6
Let p(h) be the third derivative of h**5/3 - h**4/12 - h**3 + 32*h**2. Let f be p(4). Suppose r = f - 99. What is the hundreds digit of r?
2
Let y(u) = -9*u**2 + 9*u + 14. Let a be y(-6). Let z = 199 - 211. What is the units digit of (-3 + a/z)/((-2)/(-3))?
1
Suppose s - 4*d = 62, -4*d + 2*d = 3*s - 242. Suppose s = 